7231 prime?
True
Is 15401 composite?
False
Is 528883 composite?
False
Is 15727 prime?
True
Is 42953 a prime number?
True
Is 121567 composite?
True
Is 32105 a prime number?
False
Is 18637 composite?
False
Is 459077 composite?
True
Is 11303 prime?
False
Is 30365 prime?
False
Is 15703 a prime number?
False
Is 10981 composite?
True
Is 24785 a prime number?
False
Is 2243335 prime?
False
Is 13217 composite?
False
Is 58411 a composite number?
False
Is 136769 composite?
False
Is 167711 composite?
False
Is 17543 prime?
False
Is 300481 prime?
True
Is 232549 composite?
False
Is 412655 prime?
False
Is 9923 prime?
True
Is 41219 composite?
True
Is 33311 a composite number?
False
Is 4662433 a composite number?
False
Is 2469865 a composite number?
True
Is 299171 prime?
True
Is 2043619 prime?
False
Is 18769 prime?
False
Is 111379 a composite number?
True
Is 52501 composite?
False
Is 21971 prime?
False
Is 93395 a composite number?
True
Is 5581 a composite number?
False
Is 3293 prime?
False
Is 309355 a composite number?
True
Is 3227 composite?
True
Is 15817 a composite number?
False
Is 1057813 prime?
False
Is 288941 prime?
False
Is 53359 a composite number?
False
Is 8977 a prime number?
False
Is 209369 prime?
False
Is 498391 a composite number?
False
Is 31307 prime?
True
Is 229331 composite?
True
Is 4874 a prime number?
False
Is 54295 a prime number?
False
Is 43913 a composite number?
False
Is 269491 prime?
False
Is 230539 a prime number?
True
Is 766721 a composite number?
False
Is 749 composite?
True
Is 4699 prime?
False
Is 29777 a prime number?
False
Is 2959 composite?
True
Is 8491 a prime number?
False
Is 521 a prime number?
True
Is 171805 prime?
False
Is 57329 composite?
False
Is 1807919 a composite number?
True
Is 257981 a composite number?
False
Is 14441 a prime number?
False
Is 612133 composite?
False
Is 188813 a prime number?
False
Is 6769 a prime number?
False
Is 22433 composite?
False
Is 90599 a composite number?
False
Is 16917 a composite number?
True
Is 38495 a composite number?
True
Is 3665791 prime?
True
Is 591 prime?
False
Is 34681 composite?
True
Is 3739 composite?
False
Is 165931 composite?
False
Is 5905685 a composite number?
True
Is 16333 a composite number?
False
Is 125821 a composite number?
False
Is 29371 prime?
False
Is 479005 a composite number?
True
Is 248683 composite?
False
Is 23979 prime?
False
Is 397 prime?
True
Is 125441 a prime number?
True
Is 2521 a composite number?
False
Is 81839 a prime number?
True
Is 345079 prime?
False
Is 1263751 prime?
True
Is 69847 composite?
False
Is 3261 prime?
False
Is 24914 a composite number?
True
Is 4103 composite?
True
Is 510989 composite?
False
Is 224819 a composite number?
True
Is 9293 prime?
True
Is 199541 a prime number?
False
Is 15373 prime?
True
Is 890501 a prime number?
True
Is 1261 prime?
False
Is 2559 a prime number?
False
Is 30011 composite?
False
Is 18566 composite?
True
Is 70874 a composite number?
True
Is 7177 a composite number?
False
Is 29251 prime?
True
Is 5951 a prime number?
False
Is 675091 a composite number?
True
Is 14987 prime?
False
Is 46889 prime?
True
Is 30691 a prime number?
False
Is 60511 prime?
False
Is 41771 a composite number?
False
Is 51231 prime?
False
Is 1281383 a prime number?
True
Is 110521 a prime number?
False
Is 349571 composite?
True
Is 41977 prime?
False
Is 339 prime?
False
Is 320035 a composite number?
True
Is 3803 prime?
True
Is 46901 prime?
True
Is 48731 a prime number?
True
Is 3803 composite?
False
Is 445829 a prime number?
True
Is 245471 prime?
True
Is 1117657 composite?
False
Is 42037 a composite number?
True
Is 727813 composite?
True
Is 89459 a composite number?
False
Is 9059 prime?
True
Is 15527 a composite number?
False
Is 610271 composite?
False
Is 35393 a prime number?
True
Is 13327 composite?
False
Is 7031 composite?
True
Is 11789 composite?
False
Is 164301 composite?
True
Is 4711 composite?
True
Is 41386 a composite number?
True
Is 8050817 composite?
False
Is 60359 a prime number?
False
Is 252079 prime?
True
Is 22431 composite?
True
Is 408287 composite?
True
Is 5141 prime?
False
Is 35709 a composite number?
True
Is 1027841 composite?
False
Is 153059 composite?
False
Is 621521 composite?
False
Is 4703 prime?
True
Is 464911 prime?
False
Is 5638 composite?
True
Is 7721 composite?
True
Is 39929 composite?
False
Is 28813 a composite number?
False
Is 474907 a composite number?
False
Is 113413 a prime number?
False
Is 309334 composite?
True
Is 293 prime?
True
Is 244417 a composite number?
True
Is 337 a composite number?
False
Is 1649 prime?
False
Is 16969 prime?
False
Is 21 composite?
True
Is 1463465 prime?
False
Is 1043 composite?
True
Is 28397 prime?
False
Is 4294153 a composite number?
False
Is 14879 prime?
True
Is 1197289 a composite number?
False
Is 76343 a prime number?
True
Is 12197 composite?
False
Is 6863 a prime number?
True
Is 69779 a composite number?
False
Is 17569 prime?
True
Is 832261 prime?
False
Is 38113 a composite number?
False
Is 6803 a prime number?
True
Is 339631 prime?
True
Is 42277 prime?
False
Is 108677 composite?
False
Is 165379 a prime number?
True
Is 27259 composite?
False
Is 49415 a prime number?
False
Is 11706359 a composite number?
True
Is 4649 a prime number?
True
Is 37201 composite?
False
Is 188393 a prime number?
False
Is 3643 a composite number?
False
Is 27862 a prime number?
False
Is 531079 a prime number?
True
Is 53017 a prime number?
True
Is 4729 composite?
False
Is 32701 a prime number?
False
Is 369029 prime?
True
Is 20887 composite?
False
Is 30035 a composite number?
True
Is 332873 composite?
False
Is 22217 composite?
True
Is 155801 composite?
False
Is 43534 composite?
True
Is 6067 a composite number?
False
Is 983741 a composite number?
True
Is 4103 composite?
True
Is 279109 a prime number?
True
Is 93877 a composite number?
True
Is 314297 composite?
True
Is 464593 composite?
True
Is 1218359 composite?
True
Is 224167 composite?
True
Is 19387 composite?
False
Is 3983799 prime?
False
Is 14349 a composite number?
True
Is 267913 a prime number?
True
Is 130627 a composite number?
True
Is 177623 prime?
True
Is 13997 prime?
True
Is 49829 a composite number?
True
Is 20861 prime?
False
Is 33379 a prime number?
False
Is 44483 composite?
False
Is 23137 a prime number?
False
Is 41981 composite?
False
Is 353 a composite number?
False
Is 95143 a composite number?
False
Is 810091 a composite number?
False
Is 161797 composite?
True
Is 96743 composite?
True
Is 24691 a prime number?
True
Is 33477 a prime number?
False
Is 251287 a composite number?
False
Is 730285 prime?
False
Is 53683 prime?
False
Is 5758 a composite number?
True
Is 278665 prime?
False
Is 6631 a composite number?
True
Is 1473247 a prime number?
True
Is 64571 a composite number?
True
Is 100355 a composite number?
True
Is 51713 composite?
False
Is 87331 composite?
True
Is 22853 composite?
False
Is 27127 a composite number?
False
Is 4593 composite?
True
Is 21001 prime?
True
Is 249943 composite?
False
Is 12571 a prime number?
False
Is 92281 prime?
False
Is 4663 prime?
True
Is 2633 prime?
True
Is 4367 a composite number?
True
Is 8407349 a composite number?
False
Is 42359 composite?
False
Is 1183051 a composite number?
True
Is 28837 prime?
True
Is 29599 prime?
True
Is 14669 a composite number?
False
Is 103769 composite?
False
Is 12143 a composite number?
False
Is 10841 a composite number?
True
Is 321991 composite?
False
Is 5273 composite?
False
Is 6907 a prime number?
True
Is 95843 prime?
False
Is 54637 prime?
False
Is 101069 a prime number?
False
Is 60119 a prime number?
False
Is 4946 composite?
True
Is 55801 a composite number?
True
Is 382197 prime?
False
Is 95021 composite?
False
Is 4369 a composite number?
True
Is 99445 prime?
False
Is 129169 a prime number?
True
Is 2099 prime?
True
Is 39361 a prime number?
False
Is 23419 a prime number?
False
Is 1530511 a composite number?
False
Is 3877 a prime number?
True
Is 91513 a prime number?
True
Is 74597 a prime number?
True
Is 117466 prime?
False
Is 719 composite?
False
Is 7133 prime?
False
Is 46559 a prime number?
True
Is 259991 a prime number?
True
Is 654671 prime?
True
Is 658907 a composite number?
False
Is 1399 prime?
True
Is 5455643 prime?
True
Is 38495 composite?
True
Is 14243 composite?
False
Is 189127 prime?
True
